/21 composite?
False
Let u(c) = c**2 - 10*c + 12. Let i be u(9). Suppose 5 = -4*t + k, -1 = 3*t - k + 4. Suppose -7*d + i*d + 28 = t. Is d prime?
True
Let m(a) = 5*a**2 - 4*a. Let q = -6 - -9. Suppose 0 = 5*r + 3*c, -8 = 3*r + q*c - 2. Is m(r) prime?
False
Let x = -1 - 0. Let t be (-2)/x + -7 + 0. Is t*5*(-2 + 1) composite?
True
Let t = -279 + 914. Is t/4 + (-9)/(-36) composite?
True
Suppose q - 912 = 3*o - 199, -2*q + 3*o = -1432. Is q composite?
False
Let j(x) = 274*x**2 + x - 2. Let a be j(-2). Let p = a + -539. Is p a composite number?
True
Let v be 26/(-8) - 21/28. Let f be v/(-2) - (-1 - 0). Is 1*52 - (f - 2) composite?
True
Suppose 10 = 9*p - 4*p. Let l = p + 5. Is l a composite number?
False
Suppose 2*c = -1 - 1. Let t = 1 + c. Suppose t*k + k = 2*j - 73, -2*k + 150 = 4*j. Is j composite?
False
Suppose 4*j - 3*z + 2*z + 87 = 0, j + 24 = -2*z. Let d = 14 + j. Let g = d + 45. Is g a composite number?
False
Suppose 3*m - 750 = 165. Is m a composite number?
True
Let d = -44 + 66. Is d a prime number?
False
Suppose 0 = 5*d + 4 - 14. Suppose -2*x = d*x - 652. Is x prime?
True
Suppose -1 = -k + 4. Suppose -t = -k*s + 247, 4*s + s - 3*t - 251 = 0. Is s composite?
True
Suppose 0 = 2*s + 2*s - 5660. Is s a composite number?
True
Suppose 2*g + 3*g = -5*b - 430, -g = -2*b + 77. Is g/3*(0 + -3) prime?
True
Suppose 0 = n + 5*k - 4*k - 193, 0 = 5*n - k - 953. Is n a composite number?
False
Let c(a) = a**2 + 3. Let h(j) = 2*j**2 - j + 4. Let b(x) = -6*c(x) + 5*h(x). Is b(3) prime?
True
Suppose -5*u - 5 = -4*h, u + 29 = 4*h + 4*u. Suppose h*i + 5*p - 753 = p, -2*i + 5*p = -288. Is i a prime number?
True
Is (17/2 + -3)*82 a prime number?
False
Suppose 3*z - 114 = 4*z. Let c(l) = -l**3 - 3*l**2 - l. Let x be c(-1). Let w = x - z. Is w composite?
False
Let m(y) = 18*y**2 + 3*y + 3. Is m(-2) composite?
True
Let p be 21852/20 - 3/5. Let j = p + -633. Let r = -248 + j. Is r prime?
True
Let f = -3 - -5. Is 6250/30 - f/(-3) composite?
True
Let i(c) = 7*c - 27. Let x(m) = 3*m - 14. Let o(v) = 2*i(v) - 5*x(v). Is o(7) a prime number?
False
Is (-7553)/(-52) + 1/(-4) prime?
False
Let n(v) = v - 6. Let i be n(6). Suppose 4*m - 58 + 10 = i. Suppose -4*u - 3*x + 9 = -m, 28 = 4*u - 4*x. Is u a prime number?
False
Let y = -12 - -8. Is (-486)/(-14) + y/(-14) a composite number?
True
Suppose 20 = -l + 4*v, 42 = -3*l - 0*l + 3*v. Is (-4775)/(-30) + 2/l a prime number?
False
Let l(h) = 3*h - 1 + 2*h + 37*h**2 - 7*h. Is l(2) prime?
False
Suppose -3*g = -13 - 23. Suppose g + 13 = 5*r. Suppose 0 = -r*s + 23 + 162. Is s composite?
False
Is 5 - (-11)/(22/1284) a prime number?
True
Suppose -f = -5*z + 17, 0 = 3*z + 2*f - 21 + 3. Suppose 0*a - z*a + 677 = 3*u, 4*u = 3*a + 886. Is u prime?
True
Let y(p) = 3*p**2 + 2*p - 2. Is y(5) prime?
True
Suppose -3*r + 1335 = -0*r. Is r composite?
True
Suppose 5*d = -8 + 28. Suppose 14 = d*h - 374. Is h prime?
True
Let n = 123 + 206. Is n a composite number?
True
Is 2/4*(3 + 820 + -5) composite?
False
Suppose 7*l = 2*l + 185. Let m = l - 81. Let i = m - -93. Is i prime?
False
Suppose -2*n - 2*n = 16. Is 518/8 - 1/n a prime number?
False
Let n be 2/5 - 39/(-15). Let x = 6 - n. Let p(i) = i**3 - 2*i**2 + 4*i + 1. Is p(x) prime?
False
Suppose 0 = b - 4*b + 177. Is b prime?
True
Let d = 4236 - 3023. Is d a composite number?
False
Suppose 1 = y, -g - 7 = -4*g + 2*y. Let w be (-14)/(-5) + g/15. Suppose -4*d = 5*r - 85, -43 = -w*d - r + 29. Is d composite?
True
Let z(t) = 11*t**2 - 11*t + 19. Is z(8) a prime number?
False
Let g = 149 - 82. Is g prime?
True
Is (-4)/(-14) - 1944/(-56) a composite number?
True
Let m(n) be the first derivative of 5*n**3/3 - n**2/2 + n + 2. Let r be m(1). Suppose 5*g = 33 - 8, 283 = 4*f - r*g. Is f a prime number?
False
Suppose 0*x - 159 = -x. Suppose 3*r - x = -48. Is r composite?
False
Let t(a) = 925*a - 3. Is t(2) a composite number?
False
Suppose 0*c - 113 = -c. Is c prime?
True
Let y(f) = -f**3 - 2*f**2 - f + 223. Is y(0) prime?
True
Let v(a) = 134*a**3 + 2*a**2 - a - 1. Is v(1) composite?
True
Suppose -2*j + 1 = 2*o + 7, 0 = 2*j - 3*o + 21. Is (-276)/8*4/j a prime number?
True
Let n(h) = -h**2 - 7*h + 14. Let i be n(-8). Suppose 610 = 5*v + 5*c, -3*v - 371 = -i*v - 2*c. Is v prime?
True
Suppose 5*b + 8*r - 6715 = 5*r, 5*r - 4029 = -3*b. Is b prime?
False
Let k be (-7)/(-6) - 4/24. Let r be 4*(2 - k)*3. Let i = -3 + r. Is i a composite number?
True
Let g(w) = -w**3 + 15*w**2 + 10*w - 1. Is g(15) composite?
False
Let j = 88 - -104. Suppose x = p - j, 2*p - 399 = -0*p + 5*x. Is p prime?
False
Suppose 0 = r - 3*r - 3*n + 1364, 5*r + 3*n = 3419. Is r prime?
False
Let x(m) = -m**3 - 11*m**2 - 8*m - 12. Let o be x(-10). Let i = o - -67. Is i composite?
True
Let t(h) = h**2 - 3*h + 3. Is t(-8) prime?
False
Let x = 49 - -57. Suppose 4*p = 3*c + 135, 3*c - 2*p + 23 = -x. Let r = c + 66. Is r a composite number?
True
Let q = 2 - 1. Suppose 3*d - 7 + q = 0, w - 2*d - 253 = 0. Is w composite?
False
Let k(f) = 2 - 3*f + 11*f**2 + 3 - 2 + f**3 + 3. Let u be k(-11). Let t = u + 7. Is t composite?
True
Suppose -5*h + 17990 = 5*h. Is h composite?
True
Let a = -11 - -13. Suppose -4*b + 143 = -3*m, m - a + 3 = 0. Is b a composite number?
True
Let z be ((-138)/8)/((-2)/8). Let d = z - 34. Is d a composite number?
True
Let b(l) be the first derivative of -1/4*l**4 + 1 - 4/3*l**3 - 3*l - 3/2*l**2. Is b(-5) prime?
True
Suppose -o = -4, -2*b + o - 5*o = -20. Suppose -w = -6*w + 15, b*j + w = 15. Is j composite?
True
Is 1382/4 + (-1)/(-2) prime?
False
Let w be (3/3)/((-1)/9). Let x(g) = 20*g + 11. Let r(h) = 21*h + 11. Let a(j) = 6*r(j) - 7*x(j). Is a(w) a prime number?
False
Let o = 1874 - 877. Is o prime?
True
Let r(f) = -2 + 1 - 6 - 7*f - 2. Let x = -17 + 11. Is r(x) prime?
False
Suppose -6 = 2*m + n + 5, -4 = -2*m + 4*n. Is (-8)/32 - 125/m composite?
False
Let n(w) = -6*w + 15. Is n(-7) a prime number?
False
Let i be (-22)/(-8) - (-1)/4. Suppose 20 = -5*y, i*c = -0*c + 4*y + 25. Suppose 0 = 3*v + 4*l - 451, c*v - 4*l = -2*l + 445. Is v a prime number?
True
Is 6/(-8) + (-47985)/(-60) a prime number?
False
Let j(s) = -2*s - 9. Let n be j(0). Let p(q) be the second derivative of q**5/20 + 2*q**4/3 - 2*q**3 + 3*q**2 - q. Is p(n) a prime number?
False
Is (-7)/28 - (-6106)/8 a prime number?
False
Let s(f) = 7*f - 1. Let i be s(1). Let y be ((-3)/(i/2))/1. Is y/((-224)/(-226) - 1) prime?
True
Suppose 1479 = -7*a + 10*a. Is a a composite number?
True
Let z be ((-120)/(-50))/(6/100). Let j = 145 + z. Is j a prime number?
False
Let o = 2674 + -1587. Is o a prime number?
True
Suppose 0 = 4*f - g - 1991, 1522 = -0*f + 3*f + 5*g. Is f a prime number?
True
Let j be (-4)/(-2*3/12). Suppose 4*l + b + j = 0, 0*b = -2*l - 5*b - 22. Is ((-77)/(-2))/(l/(-2)) a prime number?
False
Let r = 1572 + 1367. Is r a composite number?
False
Let d(t) be the first derivative of 2*t**3/3 + 3*t + 2. Is d(5) prime?
True
Suppose 4*h + 39 = -3*q, 2*h - 2 = 4. Let w be q/(-3) + (-4)/6. Suppose 0 = 5*f + w*u - 420, 2*f + 371 = 6*f - 3*u. Is f composite?
False
Suppose 7 + 13 = -5*w. Is (5 + -3)*(-14)/w a prime number?
True
Let i be 4/6 + 1/3. Let b(z) = 0*z**3 - 2*z**3 - 2*z**2 - z**3 + i. Is b(-4) a prime number?
False
Is (-460)/30*(-21)/2 prime?
False
Is (5 - 7)/((-2)/697) a composite number?
True
Suppose -778 - 307 = -5*l. Let p = -128 + l. Is p prime?
True
Let t = 16 - 12. Suppose -q - 4*p = -26, -t = 3*q - p - 43. Is q a composite number?
True
Let z(d) = d**2 - 5*d - 2. Let r be z(5). Is ((-4)/10)/(r/230) a prime number?
False
Let a = 11 + -7. Suppose 0*l = -a*l + 476. Is l composite?
True
Let b(v) = 10*v**2 + 6*v - 17. Is b(6) a prime number?
True
Let i(f) = 39*f**2 - 2*f - 2. Is i(-5) prime?
True
Let w(s) = 79*s**3 + 3*s**2 - 3*s + 2. Let i be w(2). Suppose 3*n - 617 = 2*f - 234, 0 = 5*n - 3*f - i. Is n composite?
False
Let l be (4/(-8))/((-1)/(-8)). Is ((-11)/l)/(1/8) prime?
False
Let p = -1 + 0. Let f be 42/(2 + -2 + p). Let s = f - -61. Is s a prime number?
True
Is 1/(-4) - 27863/(-44) composite?
True
Let x = -2 - 0. Is -2 - ((-59 - x) + 2) a prime number?
True
Let p(f) = f**2 - 19*f - 7. Is p(-8) a prime number?
False
Let t(s) = 40*s - 1. Suppose 5*f + 0 = 20. Suppose 0 = -f*w + 4 + 4. Is t(w) a composite number?
False
Let n = 2299 + -1413. Is n prime?
False
S